b - 33 = -4*j. What is the greatest common factor of j and n?
2
Suppose -5*z = -4*c - 76, -3*z - c + 44 = -3*c. Calculate the highest common divisor of z and 48.
12
Let l(b) = -2*b + 5. Let d be l(5). Let y be d/(-2)*24/15. Suppose 3*o - m = 11, o + 8*m - 3*m = 9. What is the greatest common factor of o and y?
4
Let y = 4 + 0. Suppose -y*k = -h - h - 246, k = -2*h + 69. What is the greatest common factor of 21 and k?
21
Let o = 16 - 12. Suppose 6*c - o*c - 36 = 0. Calculate the greatest common divisor of c and 45.
9
Let m(p) = -p**3 - 8*p**2 - 9*p - 12. Let g be m(-7). Let l(f) = f**2 - 8*f + 1. Let h be l(8). Let c = h + 1. Calculate the highest common divisor of c and g.
2
Suppose -7*s = -27 - 1. What is the highest common divisor of 4 and s?
4
Suppose 2*w + 0*w - 2 = 0. Let z be 0/(2 - -1) + 1. Calculate the highest common divisor of w and z.
1
Suppose 4*b - 7200 = -11*b. What is the highest common divisor of 60 and b?
60
Suppose -9*r = -10*r + 4. Suppose 3*l + 2*a + a = 132, -3*l = r*a - 134. What is the highest common factor of l and 28?
14
Let p be ((-3)/2)/((-4)/136). Calculate the greatest common factor of 3 and p.
3
Let u(n) = 3*n + 1. Let w be u(3). Suppose -3*h + 180 = -2*h - 5*v, 5*h = 2*v + 831. Let y = h - 115. Calculate the greatest common divisor of w and y.
10
Suppose -3*f = 2*k + 2*f - 32, -f = 2*k - 48. Calculate the greatest common divisor of 39 and k.
13
Suppose -36 = -3*g + 2*p, 31 + 31 = 5*g - 4*p. Calculate the greatest common divisor of 2 and g.
2
Let z be (-5 + 0)*(-408)/30. Suppose -7*r + z = -3*r. What is the greatest common divisor of 51 and r?
17
Let q be 4/6*(-30)/(-4). Calculate the highest common divisor of 20 and q.
5
Suppose -4*l = 5*u - 12, 4*l + 5*u + 12 = 8*l. Suppose -l*m = -m - 160. What is the highest common factor of m and 20?
20
Suppose -2*o = 4*b - 11 - 51, -2*b + 3*o = -19. Let v = -10 + b. What is the highest common divisor of 2 and v?
2
Let f = 3 - -1. Suppose 5*u - 325 = -4*y, -f*u = 5*y - 77 - 318. Calculate the greatest common divisor of 15 and y.
15
Suppose -5*d + 34 = 3*z, 32 = 6*d - 3*d - 4*z. Calculate the highest common factor of d and 24.
8
Let c be 380/6 + 2/3. Calculate the highest common factor of 8 and c.
8
Let a be (3 - 1)*(-9)/(-1). Suppose 9*w = 4*w + 45. Calculate the greatest common divisor of a and w.
9
Let u = 66 - 33. What is the greatest common divisor of 3 and u?
3
Let i(q) = 26*q - 3. Let k be i(2). Suppose 5*s - 42 = 4*o + k, -o = 5*s - 71. Suppose -s + 0 = -3*z. What is the greatest common factor of 10 and z?
5
Suppose s + 2*s - 70 = -o, s + 5*o = 42. Calculate the greatest common factor of 88 and s.
22
Suppose -2*r = -10, -5*n + 4*r + 5 = 3*r. Let v(s) = 2*s + 0*s + 3*s + s**n - 4. Let o be v(-6). Calculate the greatest common divisor of o and 5.
1
Let h be (-2 - -8)*1/3. Let v be (-5)/((-3)/(h + 1)). Suppose 0*k - 275 = -v*k. What is the greatest common divisor of k and 22?
11
Let d(s) = -s**2 - 10*s - 5. Let a be d(-7). Calculate the highest common divisor of a and 80.
16
Let b be (-4 - 0) + 2 + 14. Suppose -3*u = -0*n + 2*n - 279, -n + 107 = -5*u. Calculate the highest common divisor of b and n.
12
Let r(p) = p**3 + 3*p**2 - 3*p - 2. Let u be r(-2). Let t(j) = -j + 8. Let h be t(4). What is the highest common factor of h and u?
4
Let i(n) = 2*n**3 - 13*n**2 + 10*n - 6. Let d be i(8). Suppose 4*z - 3*u = -z + d, 2*z + 4*u = 96. Calculate the greatest common divisor of 13 and z.
13
Let s be 4*-1 + (-30)/(-5). Let h be (-2)/(-3)*(-66)/(-4). Let t be 0 + h + -4 + 3. What is the highest common divisor of t and s?
2
Suppose -3*q + 248 = 5*q. Calculate the greatest common divisor of q and 124.
31
Let s(n) = 3*n + 7. Let b be s(-7). Let h = -12 - b. Calculate the greatest common factor of h and 6.
2
Suppose -5*a - t + 86 = 0, -4*a + 63 = -4*t - 25. Let s(v) = v**3 - 12*v**2 + 11*v + 12. Let n be s(12). Calculate the greatest common factor of a and n.
18
Let y = -6 - -2. Let v be (0 - 2)*y/(-4). Let i be (-3)/(v/(-10)*-1). Calculate the greatest common divisor of 105 and i.
15
Let f(q) = -44*q**3 + 5*q + 7. Let s be f(-1). Suppose 7*c - 3*j = 2*c + 572, 0 = c - j - 114. Calculate the greatest common divisor of s and c.
23
Let v be 34 - (-1 - (-2 + 0)). Let h = v + 9. What is the highest common factor of h and 14?
14
Let n = 11 - 8. Suppose 20 = x - 4*g, -4*g = -0*x - n*x + 36. What is the greatest common factor of x and 72?
8
Let n = -26 - -35. What is the greatest common divisor of n and 81?
9
Let l = 20 - -4. What is the greatest common factor of 8 and l?
8
Let a(y) = 4*y**2 + 2 - 2*y**2 + 3*y - 4*y - y. Let b be a(2). Calculate the highest common divisor of 6 and b.
6
Let c be ((-8)/20)/((-2)/60). Suppose 5*m - m - c = 0. Suppose m*a - 4*q - 62 = 12, 0 = 5*a - 3*q - 105. What is the greatest common divisor of 27 and a?
9
Let p = 34 + 3. Let q = p + -14. What is the highest common factor of 253 and q?
23
Suppose 3*l = 27 - 3. Suppose -u + 3*c + 14 = -2, 0 = 5*u - 5*c - 30. Let z be u*3*2/6. What is the highest common factor of l and z?
1
Let f be 334/14 - (-1)/7. Suppose -f = 4*r - 8*r. What is the greatest common factor of r and 3?
3
Suppose -2*u + 51 = -19. What is the greatest common divisor of u and 350?
35
Suppose 0 = -4*m + 5*d - d - 20, 3*m - 1 = -5*d. Let w = m + 9. Calculate the greatest common factor of 6 and w.
6
Suppose -q + 44 - 2 = 0. Suppose 0 = o, -f - 2*f + q = 2*o. Suppose 26 + 9 = z. What is the greatest common factor of f and z?
7
Suppose 2*x + x = 105. Suppose -4*a + 5 = -a + 4*t, 16 = 4*a + 3*t. What is the highest common divisor of a and x?
7
Suppose h + 28 = i, 2*i - 38 = -0*i - 4*h. Suppose -3*f - 35 - i = -5*d, -5*d + f = -50. Calculate the highest common divisor of d and 1.
1
Suppose b + 2*b = 18. Let n be 8/b*(-3)/(-2). Suppose -2 = z + z, -4*x + 22 = -n*z. What is the highest common factor of x and 10?
5
Let k = 100 - 52. Calculate the highest common divisor of 3 and k.
3
Suppose 3*v - 342 = -g + 6*v, -g + 338 = -4*v. Let k be g/24 - (-6)/(-8). Calculate the highest common divisor of 42 and k.
14
Let r be (-1)/((-2)/50) + (-2)/(-2). What is the greatest common divisor of r and 26?
26
Let k(i) = 3*i - 1. Let u be k(2). Suppose -3*z - u*b + 44 = -21, -52 = -4*z + 2*b. What is the greatest common divisor of 165 and z?
15
Let k be (-16)/(-3) + 14/21. Let y be (0 + (-3)/k)*-4. Calculate the greatest common divisor of y and 12.
2
Suppose -13 + 3 = -2*j. Calculate the greatest common divisor of j and 5.
5
Suppose -9 + 43 = 2*u. Suppose -3*d + 272 = -d. What is the highest common factor of d and u?
17
Let y be -5*(48/50)/((-6)/45). Calculate the highest common divisor of y and 12.
12
Let j(y) be the second derivative of -y**5/10 - y**4/6 - 5*y**3/6 + 2*y**2 + 2*y. Let h be j(3). Let n = -55 - h. What is the highest common factor of 7 and n?
7
Let f(u) = -3*u. Let z be f(-5). Calculate the highest common factor of z and 135.
15
Let j be (-1524)/(-20) + -4 - 2/10. What is the highest common factor of 48 and j?
24
Let q(d) = -d**3 + d**2 - 2*d - 8. Let n be q(0). Let h(w) = -2*w - 13 - w + 4. Let s be h(n). What is the highest common factor of 3 and s?
3
Suppose 5*v - 3*v = -5*d + 666, 5*d - v - 657 = 0. Calculate the highest common factor of 12 and d.
12
Suppose l + 2*k = 1, k = l - 5*l + 18. Suppose -x + 5*x = -i + 16, 2*x - 44 = -l*i. Calculate the greatest common divisor of i and 16.
8
Let g(j) = 2*j**2 + 6*j - 8. Let y be g(-8). What is the highest common divisor of y and 18?
18
Suppose 3*r + 5*c = 41, -3*c + 25 = 3*r - 20. Let i(f) = 20*f**3 - f - 2. Let n be i(2). Let a = 224 - n. Calculate the highest common divisor of a and r.
17
Let a(u) = u**2 + 9. Let x be a(9). What is the greatest common divisor of 30 and x?
30
Suppose 0 = -2*k - 3*t + 168, -5*k + 217 = t - 216. Calculate the highest common divisor of 29 and k.
29
Suppose k - 109 + 21 = 0. Let n(g) = -g - 2. Let c be n(-6). Suppose c*d - 16 = 16. Calculate the greatest common factor of d and k.
8
Suppose 0 = -2*b - 2*b + 16. Suppose 50 = -b*c + 6*c. What is the greatest common divisor of 5 and c?
5
Suppose 168 = 3*v - 0*v. Suppose p + 0*p - v = 0. Calculate the highest common divisor of 7 and p.
7
Let m(w) = -w**3 + 15*w**2 - 26*w + 9. Let c be m(13). Calculate the highest common divisor 